y. Let r(h) = 4 + 3*h + y*h - 3 + 14*h**2. Is r(-2) composite?
True
Let c = 0 - -10. Suppose -13*w = -c*w. Suppose w = -5*s + 7*s - 1838. Is s composite?
False
Let c = -11243 + 19060. Is c a composite number?
False
Let x(q) = 2*q**2 + 369 + 0*q - 4*q - 344. Is x(-13) prime?
False
Let r(x) = -6*x**2 + 20*x + 8. Let d be r(16). Is 4/12 - (d/3 - -2) a prime number?
True
Let f be (-2)/(-8) + (-133)/(-28). Let c be (0 - (-1 - f)) + -1. Suppose p = -0*p + 2*b + 191, -c*b + 219 = p. Is p a composite number?
False
Suppose p - 35026 = -0*r + 4*r, -3*p + 105100 = -r. Is (34/6 - 5)/(4/p) prime?
True
Suppose 5*w = 3*w - 2*x + 8546, w - 4277 = -3*x. Is w a prime number?
True
Let s(b) = -303*b - 2. Let x be s(-1). Let c = x - -272. Is c composite?
True
Let z be -267*(100 - (-1 - -4)). Let n = z + 41689. Is 22/(-99) + n/18 a composite number?
False
Let w(q) = q**3 + 21*q**2 - 24*q + 85. Is w(16) a prime number?
True
Let j = 126 - -4273. Is j a composite number?
True
Let q(b) = -b**3 - 11*b**2 + 2*b - 1. Is q(-18) composite?
True
Let q = -2432 + 6779. Suppose 3*f = v + q, 2*f = -f - v + 4347. Let k = -962 + f. Is k a prime number?
True
Let n = -76 - -371. Is n a prime number?
False
Let b(u) = 6*u**2 + 6*u - 5. Suppose v = 3*z - 3, -2*v + 2*z + 2 + 0 = 0. Suppose -2 = v*x - 23. Is b(x) a prime number?
True
Let m be ((-92)/12 + 5)/((-2)/3). Suppose 0 = -4*u + z - 2*z + 311, 5*u = m*z + 373. Is u composite?
True
Let w = 3 + -1. Suppose -5*s = 2*x + 59, -s + 0*x - 15 = w*x. Is (s - -13)/(2/83) prime?
True
Let f = -6 - -10. Suppose -f*x - 323 = -4*n - 3, 3*n = 2*x + 237. Is n a composite number?
True
Let m = -907 + 1538. Is (-3 - m - 0)/(-2) a prime number?
True
Is ((-4406)/(-6))/(9 + (-338)/39) a composite number?
False
Let t = 123 + 481. Suppose 3*k + t = 6*k + i, -3*k + 605 = 2*i. Is k prime?
False
Let o(v) = 186*v + 5. Let b(n) = n**2 + 2*n - 36. Let c be b(6). Is o(c) a prime number?
True
Is (-555297)/(-2)*(-92)/(-138) a prime number?
True
Suppose 2*a - 123 = -0*a - 3*w, -4*a - w + 241 = 0. Is (-8)/(-10) + 8652/a composite?
True
Let s(k) = 86*k**2 - k + 3. Suppose 0 = u + f + 2, -4*u + 0*f - 6 = 5*f. Is s(u) a composite number?
True
Let t(a) = -2*a**2 - 1 - 4*a - 3*a**2 - a**3 + 4*a**2. Let j be t(-3). Suppose 3*r = j + 400. Is r a composite number?
True
Let y(h) = -13*h + 3. Let r be y(2). Suppose -3*k + 2*q = 42 - 12, 0 = 5*q - 15. Let x = k - r. Is x a prime number?
False
Suppose -18 = -4*f + 34. Is f/13*(18 - -1) composite?
False
Let s(r) = 9*r**2 + 9*r**2 - r + 1 + 3*r - 5*r. Let v be s(3). Suppose -a + v = -m, a - m = -6*m + 172. Is a composite?
False
Let x = 9569 + 1740. Is x a prime number?
False
Is (-32)/12*197865/(-60) a composite number?
True
Let d = 245 + 8574. Is d prime?
True
Suppose -7*q = -707 - 1050. Is q composite?
False
Let f = 1508 + -93. Is f prime?
False
Suppose -5*u + 2*u = -5*l - 46286, 5*l + 30859 = 2*u. Is u composite?
False
Let z(u) = 5 - 3*u**2 - u**2 + 0*u**3 - 5*u + 4 - u**3. Let a be z(-8). Suppose -2*n + a = 5*y, 25 = -3*y + n + 197. Is y a composite number?
False
Is (11074 - (-3 - -4))*1 composite?
True
Suppose 6*h = 4*h + 160. Let a be (4 + -3 - 37)*3/2. Let n = h + a. Is n a prime number?
False
Let w = 2287 + -690. Is w prime?
True
Suppose -g - 3*n - 10305 = -51863, 0 = -3*g + 4*n + 124739. Is g prime?
False
Is (-2)/3*(-14102 + -7) a composite number?
True
Suppose 5*s + 6 = 21. Suppose 3*c - 6*c - 2*f = 1324, -4*c - 1754 = -s*f. Let r = 981 + c. Is r prime?
True
Let c(b) = -25*b - 1. Let z be c(5). Let p be ((-12)/(-14))/((-2)/z). Let o = 97 - p. Is o a composite number?
False
Suppose 11011 - 51751 = -4*x. Suppose 5*i - 4*y = x, y = -3*i + 6*i - 6118. Is i a prime number?
False
Let n(f) be the first derivative of f**5/30 + 7*f**4/12 - 17*f**3/6 - 13*f**2/2 + 6. Let h(c) be the second derivative of n(c). Is h(-15) prime?
True
Let f(b) = 89*b**2 + 21*b**2 + 40*b**2 + 11*b - 7. Is f(4) composite?
False
Suppose 5*h - 5 = 5*p, -3*p = 3*h + 2*p - 11. Suppose h*z - 826 = -5*f, z = 5*f - 152 + 535. Is z composite?
True
Let f = 6 + -8. Let p be ((-12)/5)/((-2)/(-10)). Is (356/p)/(f/6) composite?
False
Let u be ((-4)/(-10))/((-2)/(-10)). Let p = 391 - 389. Suppose -5*l + u*l + 123 = -p*j, 3*j + 204 = 5*l. Is l prime?
False
Let l(i) = -2*i + 18. Let v be l(8). Let j(r) = 67*r**2 + 3*r - 1. Let d be j(v). Let a = d + -16. Is a a composite number?
False
Is 31996/36 - ((-87)/27 - -3) a prime number?
False
Let l = 1 - -1. Suppose l*m + 80 = 6*m. Is (445/(-2))/((-10)/m) prime?
False
Suppose 3*q - 8 = 4. Let k be 5750/3 - 2/3. Suppose 0 = -8*r + q*r + k. Is r a composite number?
False
Suppose 56 = 4*w - 404. Suppose 122 + w = 3*i. Is i composite?
False
Let m = -27 + 27. Suppose 10*i - 5*f = 5*i + 6605, m = -2*f - 8. Is i prime?
False
Let c(y) = 41*y**2 - 88 - 92 - 7*y + 8*y + 177. Suppose 0*d = -d - 2. Is c(d) composite?
True
Suppose -2*n + 4 = 4*t, 0 = -2*t + 3*n + 6 + 4. Suppose -685 = -t*a + 1105. Is a a composite number?
True
Suppose 4*t = -t + 475. Suppose 0 = v - 390 + t. Is v prime?
False
Suppose 3*j = 7*j - 1952. Suppose -5*z = -862 - j. Suppose g + b = -2*g + z, b + 185 = 2*g. Is g a composite number?
True
Suppose 5*r + 570 = 11*r. Let f = r - -168. Is f a composite number?
False
Let r(m) be the second derivative of 5783*m**3/6 - 2*m**2 - 29*m. Is r(1) a composite number?
False
Let r(l) = 23*l**2 - 10*l + 3. Let f(u) = 5*u - 11. Let q be f(3). Is r(q) a prime number?
True
Suppose -35427 = -16*n + 71677. Is n prime?
False
Is 22*(5150/44 + (-12)/22) a composite number?
True
Let v(f) = 9*f**2 - 90*f + 86. Let d(p) be the second derivative of p**4/6 - 3*p**3 + 17*p**2/2 + p. Let z(y) = 11*d(y) - 2*v(y). Is z(16) prime?
True
Suppose 31*y + 1016006 = 69*y. Is y a composite number?
False
Let n(o) = -o**3 - 3*o**2 - 7*o - 11. Let p(w) = 8*w**3 + w**2 - w - 2. Let s(b) = -b**2 - 2*b - 1. Let l be s(-2). Let i be p(l). Is n(i) prime?
False
Let o(p) = 2*p - 8. Suppose -13 = -2*y + v, -v = -4*y + 10 + 15. Let s be o(y). Suppose -2*b + s*b - 478 = 0. Is b composite?
False
Suppose 6*l + 1961 = 5639. Let w = l - 176. Is w a composite number?
True
Let c be 40/(-2)*(-13)/2. Let p(t) = -t**3 - 4*t**2 + 3*t - 9. Let o be p(-6). Let n = c - o. Is n a prime number?
False
Let z = 43 + -18. Suppose -4*j - 2*q + 1020 = 0, 0 = 4*q + z - 9. Is j a prime number?
True
Let r(q) = q**3 - 11*q**2 - 11*q - 8. Let p = 14 + -2. Let j be r(p). Suppose -3*g + 5*s + 54 = -28, -j*g - 4*s = -56. Is g composite?
False
Let q(l) = -577*l**3 - 7*l**2 - 3. Is q(-3) prime?
False
Suppose -1040 = -i - 349. Is i prime?
True
Let l(y) = 1. Let j(w) = -117*w + 3. Suppose 20 = 5*b - 4*n, b + 8 = 3*b - n. Let r(v) = b*l(v) - j(v). Is r(1) composite?
True
Suppose p + 7 = -3*s - s, 2*p + 4*s = -10. Let j be p - (3/(-1) - 846). Suppose 6*t = -0*t + j. Is t a composite number?
True
Suppose 4*c = j + 4*j - 4574, c + j = -1148. Suppose -3*y + 12 = -4*g + 2*y, -y = -2*g. Is c/g*(-2)/6 a prime number?
True
Let g be (1/2)/((-5)/(-50)). Let d be ((-2)/(-2) - g) + 1306. Is (d/15 - -4)*5 a prime number?
False
Let l be 0/13*(-2)/4. Is ((-1006)/6)/((-2)/(6 - l)) a prime number?
True
Let r be ((-44)/8)/(2/(-60)). Suppose -2*b = 3*b - r. Is b prime?
False
Let j = 3760 + -2574. Is j a prime number?
False
Suppose 6*p = 3*p - 36. Is -3 - (p - (6 - 2)) prime?
True
Let i(n) = 3*n + 5*n + 1 + n - 3*n. Let d be i(1). Suppose 159 = -d*y + 10*y. Is y prime?
True
Is ((-208)/936)/(2/111546*-1) a composite number?
True
Let a = 6898 - 3509. Is a prime?
True
Suppose 0 = 9*g - 4*g - 20. Suppose -g*p + 5124 = -3784. Is p prime?
False
Let n be 13277/5 - 10/25. Suppose -z + n = -2*l, z - l - 5316 = -z. Is z prime?
True
Suppose 5*k - 1485 = -2*w + 507, 3*w = 3*k + 2967. Is w composite?
False
Let p(r) = 6*r - 27. Suppose 30 = 3*w + 2*w. Let b be p(w). Suppose b*o = 5*o + 1036. Is o a prime number?
False
Let i(d) = 2*d + 21. Let v(g) = g - 11. Suppose 5*o = -10, 9 = 2*a - 2*o - 17. Let u be v(a). Is i(u) composite?
True
Let s(k) = -245*k - 39. Is s(-20) prime?
True
Suppose -3*v + g = -0*v - 13, 13 = -2*v + 5*g. Suppose -4*c = -3*f + f + 40, -128 = -5*f - 4*c. Suppose -v*n + f = -450. Is n a composite number?
False
Suppose -13*h - 13*h + 176878 = 0. Is h composite?
False
Let l be 26 - (2 + (9/(-3) - 0)). Is (-1)/(-9)